the value of 0 + -6 + 1 + (0 + 15 - 7)?
3
What is -33 + -4 + 15 - -15?
-7
8 - (3 + 1 - (-65 - -59))
-2
What is -8 - -1 - ((3 - 40) + 36)?
-6
Evaluate 69 + -26 + -7 + -14.
22
Calculate 20 + -1 + 0 + (18 - (4 + 19)).
14
-12 + (4 - -10) + -8
-6
Calculate (-11 + 11 - 10) + (-2 - -13).
1
-40 + -17 + 60 - (-24 - 1)
28
Calculate -37 - -41 - (-3 - (3 - 0)).
10
What is 14 - 34 - -57 - 56?
-19
3 - (5 + -5 + -4)
7
-6 - (-5 + (-1 - 27) - (-50 + 51))
28
What is the value of -12 + (21 + -28 - (-7 + 17))?
-29
Evaluate -19 + (-11 - -33 - -6).
9
What is -32 - -5 - -13 - 8 - (1 + -10)?
-13
What is -20 + 1 + (175 - 147)?
9
What is the value of (22 - (-1 + 19)) + (-5 - -22)?
21
Calculate (14 - 6) + (-9 - 22).
-23
-25 + (13 - (11 - 9))
-14
What is -13 + 3 + -5 + 7?
-8
Evaluate -20 + 2 - (-223 + 228).
-23
(-1 - -4) + (0 - 4 - (-150 + 138))
11
5 + (1 - (14 - 18 - (2 + -3)))
9
Evaluate -9 - (-7 + (5 - (2 + -9))).
-14
(5 - 12) + 0 + 17
10
Evaluate (-164 - -162) + 1 + -10 - -24.
13
Evaluate -25 + 34 + -38 + 0.
-29
((18 - 2) + -2 - 0) + 98 + -106
6
Evaluate -5 + 3 + 13 - (7 - (-1 + 2)).
5
Calculate 4 + -24 + 84 + -43.
21
Evaluate 4 + -11 - (-29 - -28 - 13).
7
Evaluate -17 - (-22 + 4 + 7).
-6
What is the value of 9 - ((9 - -5) + -4)?
-1
Calculate -9 + 7 + -14 - -9.
-7
What is the value of 3 - (1 - 0) - (-12 + (49 - 20))?
-15
Evaluate 1234 + -1233 + (-3 - -3) + 10 + -2.
9
Calculate 171 - 175 - ((-3 - -4) + -6).
1
(-24 - -29) + -1 + -1 - (-5 - -7)
1
What is the value of -5 + 6 + 10 + -20 - -27?
18
What is the value of -6 + 0 - (445 - 451)?
0
What is the value of 27 - (33 + 0 + -10)?
4
(8 - 13) + -12 - -14
-3
Calculate 32 + -43 - (5 + (2 - -1)).
-19
What is (-41 - -72) + -60 + -2 + (-2 - -6)?
-27
Calculate -1 + 6 + -5 + -1.
-1
What is the value of 3 - ((-25 - -16) + 19 + 2)?
-9
Evaluate (-6 - 0 - 3) + (-18 + 15 - -5).
-7
Evaluate (-16 - -29 - -1) + (-2 - 1).
11
(9 - ((18 - -1) + 11)) + 10
-11
What is (7 - 0 - (32 - 27)) + 2 + -15?
-11
What is the value of 15 + -35 + 24 + 22?
26
What is 11 + (-2 + 2 + (6 - 5) - 34)?
-22
Evaluate -63 + 72 + 1 + (6 - 7).
9
What is the value of -5 + 11 + (10 - 10)?
6
Calculate (29 - 25 - 13) + -16.
-25
Calculate 0 - (2 + 4 - 8).
2
What is the value of -2 + 7 - (-10 - -13)?
2
Calculate 25 - (84 - 43) - (0 + (-1 - 5)).
-10
Evaluate (3 - (-1 + -1) - 0) + 43 + -52.
-4
What is (-9 + 11 - ((3 - 4) + 0)) + -5?
-2
-8 - -1 - ((0 - -6) + -2)
-11
What is -8 - ((12 - 18 - -3) + -18)?
13
-3 - (0 - 1) - (-17 + (-5 - -13))
7
Evaluate (31 - 22) + -4 + (-2 - -2).
5
Calculate 5 + (-1 - 26 - (13 + -22)).
-13
Calculate -131 + 110 + 22 + 2.
3
What is the value of -1 - -1 - (-34 + 27 - -1) - 5?
1
What is the value of -38 + 101 + -40 + -19?
4
What is (-3 - 7) + (-10 - -7 - (-1 - 10))?
-2
Calculate (7 - (5 + 1)) + 5.
6
(-66 + 16 - -33) + (0 - 13)
-30
What is the value of 1 + -14 + -3 + -12 + 10 + 12?
-6
Calculate 2 - (-15 - 12) - 16.
13
Evaluate 12 - (13 + (-13 - -10)).
2
Evaluate -17 + (37 - 16) + 8.
12
What is -1 + 4 + (-130 + 111 - (-2 + -11))?
-3
Evaluate (6 - -30) + (-1 + -7 - (-15 + 16)).
27
What is the value of 464 + -479 - (-3 + -1)?
-11
Calculate 1 + (-1 - -10) + (3 - 2) + 1.
12
Evaluate -2 + 0 + -7 + -3.
-12
Evaluate (-13 - (13 - 32)) + -15 + 3.
-6
What is -3 - (-3 - -18 - (13 + 9 + -16))?
-12
Calculate 11 + 11 + -17 + 22.
27
Calculate -56 - (2 - 2) - (186 - 204).
-38
Calculate -37 + 42 + -2 + 3 + -3 + -5.
-2
What is the value of -13 - ((5 - -2) + (5 - 18) + 1)?
-8
Calculate 0 + -13 + (-2 + 3 - -3) + -1.
-10
Calculate 5 + (12 - 19) - 13.
-15
What is 67 + -97 + (1 - -15)?
-14
What is the value of (-2 - ((12 - 7) + -10)) + (2 - 2)?
3
(-5 - -12 - 0) + (0 - (-3 - 0))
10
Evaluate -11 - (17 + -6 + -12 + 4).
-14
Calculate 6 + 13 - ((30 - 30) + -18).
37
What is the value of (0 - 5) + (4 - (-9 + 20))?
-12
Calculate 9 + (-13 - 1) + (-7 - 0).
-12
What is (-8 - -2) + -2 + 14 - 18?
-12
What is the value of (-6 - -8 - (-7 - -3)) + 0?
6
What is the value of 11 + -20 + (-16 - (8 + -19))?
-14
Evaluate 22 + (-2 - (5 - 3) - 6 - -18).
30
Calculate (0 - -4) + 101 + -88 + 1.
18
What is 15 + -23 - 3 - -11?
0
Calculate 0 + 7 - (-4 + (-17 - -22)).
6
Calculate 7 - (5 + (-1 + 4 - -4 - 16)).
11
Calculate 3 - 14 - -5 - (-1 - 3 - 7).
5
What is 15 + 47 - 36 - 61?
-35
Calculate 11 + -1 - ((48 - 4) + -19).
-15
Evaluate -1 + 2 + 24 + -20 - -2.
7
What is 0 + 9 - (2 + 8) - -9?
8
Evaluate -4 - (-5 - -12 - (6 - -9)).
4
Calculate -20 - (10 + (-2 + 0 - (11 + -9))).
-26
(5 - (37 + -56)) + 2
26
-13 - (-4 - -5) - (6 - -22 - 21)
-21
Evaluate -22 + 17 + -5 + 19 - 0.
9
Evaluate (-20 + -11 - -70 - (0 - -10)) + 1.
30
What is (2 - (-4 - 10) - 8) + (6 - 0)?
14
What is -6 - (3 + 3 + -22 - (10 - 0))?
20
-6 + (-6 + -1 - -2) - -7
-4
Evaluate 0 - ((-5 - 0) + 6 - -1).
-2
What is -10 + -3 - (-12 + 14)?
-15
Evaluate (-40 - -37) + (2 + 0 - -6) + -2.
3
Calculate (27 - 22) + (0 - 19).
-14
12 + 4 + -25 + (-1 - -4)
-6
What is (-8 + 6 + 7 - 9) + (-1 - -11)?
6
Calculate 0 + (-19 - -8) - -9 - -9 - -2.
9
What is -2 + 17 - (13 + 0 + -8)?
10
What is the value of (-20 - (-1 - -6)) + (-14 - -18)?
-21
Calculate 7 - (0 - (-4 - 5 - -11)).
9
Evaluate 13 + -33 + 11 + -2 + 3.
-8
Calculate (-25 - -28 - -4) + 7.
14
-17 + 21 + -24 - -30
10
What is the value of -8 - 8 - (-17 + -24 + 0)?
25
What is the value of 10 + 1 - 1 - ((-13 - -8) + 2)?
13
2 + (-7 - -2) + -4 + 6 + -4
-5
25 + (-185 + 191 - ((-9 - -1) + 2))
37
-2 + 26 - (-171 - -175)
20
Calculate -91 + 76 + (3 - 2).
-14
Calculate 15 + 11 - (9 - (3 + 0)).
20
What is -2 + (3 - -11 - 14)?
-2
(-4 - -20) + (-3 - (-1 + 3)) + -5
6
Evaluate (-12 - -22) + (-11 - 7) + -8.
-16
What is 5 + (-4 - 3) + 1 + 3 + 5?
7
Evaluate (17 - 9) + -2 - 17.
-11
What is -5 + 1 + 1 + -9 + -6 + 12?
-6
-3 + 7 + 8 + 11 + -11 - -9
21
1 + 0 + 13 + -20 - -5 - -17
16
Evaluate -15 - (6 + -25 + 7 - -8).
-11
What is the value of -8 + (-6 - (-11 - -11) - (0 + -18))?
4
What is the value of ((21 - 8) + -6 - 24) + 5 + -4?
-16
What is -41 + 12 + 5 + 5 + -10?
-29
Evaluate 4 - ((-25 - -36) + -5 + -3 + 3).
-2
What is 3 + -14 + 20 - 17 - (-4 - 0)?
-4
What is the value of -9 + 2 + (10 - 1) + -5?
-3
16 + (-20 + 68 - 45)
19
Calculate (-14 - (-15 + 1)) + -13.
-13
What is -1 + 2 - 6 - (61 - 62)?
-4
-17 + 27 + -9 + (-12 - -7)
-4
What is the value of 24 + 5 + -43 + -1 + 5?
-10
Calculate 5 + -5 + 8 - (-124 - -107).
25
Calculate (-14 - (12 - 28)) + -5.
-3
What is -9 + (-5 - (6 - (1 + 22))) + -10?
-7
What is (3 - (6 - 5)) + 2 + 1?
5
0 - (0 + -3) - (-329 - -313)
19
What is (19 - 14) + -7 + 10?
8
Evaluate -1 + 21 + -7 + -13.
0
Calculate 2 + (0 - -1) - (-12 - (-1 - 10)).
4
What is the value of 4 + -12 + 31 + -32?
-9
What is -8 - (0 - (-16 - (-3 - (-3 - -8))))?
-16
Calculate 15 + 12 + 8 + -25.
10
-35 - (-47 - -27) - (-2 - (1 - -1))
-11
What is the value of 4 - (24 + -7) - (14 - 15)?
-12
What is (-1 + 4 + 1 - -6) + -6 + 3?
7
Evaluate -32 - (-16 + 0) - -16.
0
-8 - (-38 - 3 - (5 + -6) - 4)
36
-14 - (-6 - (-25 - -18))
-15
What is the value of (17 - (-23 + 43)) + -2?
-5
Calculate 7 + -1 + 11 + (-9 - -7).
15
Calculate -34 - ((-20 - -10) + 14 + -9 + -5).
-24
Calculate -1 + (-9 - -5 - -2) + 19 - 3.
13
What is the value of 3 - ((-17 - -33) + -23)?
10
What is 2 + -7 + 8 + (-6 - 0) + -3?
-6
-6 + (8 - 3) + 1 + -3 - -9
6
Calculate -1 + (-4 - -3) + (-4 - (1 - 9)).
2
What is the value of (7 - (-2 - 3 - -14)) + 1?
-1
Calculate (82 - 71) + -9 + 4.
6
Evaluate -14 - (-8 + (18 - 10)).
-14
Evaluate (-13 - (16 - 32)) + (2 - 2).
3
What is the value of -15 + (25 + -1 - 28)?
-19
What is -13 + -3 + (3 - 3) - -10 - 0?
-6
What is -7 + -5 - (5 + 0 + -17)?
0
What is 3 + (1 - (-10 + 6)) + -20?
-12
Evaluate 27 - (10 + 10 + -8).
15
Calculate 13 - (12 - (-2 - 14)).
-15
Evaluate 156 - 154 - (16 + 9).
-23
Calculate -2 + (-2 + -3 - (-17 + 0)) + -3.
7
Evaluate 1 + (7 + -16 + 14 - (0 - -10)).
-4
Calculate (22 - 9) + -21 - -14.
6
1 + (-18 - (-6 - -9)) + 5
-15
What is the value of -5 + (-1 + (3 - -2) - -1)?
0
What is the value of (-12 - -3 - -1) + 4?
-4
-33 + (10 - -90) + -35
32
What is the value of 19 - (8 - 3) - (-1 + 5 + -14)?
24
What is the value of (4 - (7 - 6 - (11 - 9))) + 9?
14
(-22 - (-22 + 20)) + 9
-11
Evaluate 7 - (7 + 12 + 10 + -5 + 11).
-28
What is the value of -13 + (5 - -8 - -15)?
15
What is -12 - (-2 + (-12 - (-29 + 10)))?
-17
(4 - (-3 - -6)) + -9 - (-9 + 6)
-5
Calcu